 = -x - 2*v + 17, 5*v = -u. What is the units digit of x?
4
Let p = 174 + -141. Suppose -3*o = 4 + 8. What is the tens digit of (o - -2)*p/(-3)?
2
Let s = -4 - -3. Let x(y) = 14*y + 2. Let m(v) = v + 1. Let w(f) = s*m(f) + x(f). What is the units digit of w(1)?
4
Let n(b) = 4*b**3 + 4*b**2 + 39*b - 361. What is the tens digit of n(11)?
7
Suppose -2*p = 5*k - 8451 - 1843, -2*p - 2066 = -k. What is the units digit of k?
0
Let h(x) = 100*x - 232. What is the tens digit of h(4)?
6
Let d(q) = -3*q - 21. Let h be d(-14). Let s = h + 39. What is the units digit of s?
0
Let w = 8 + 3. Let n = w - -117. What is the tens digit of n?
2
Let h(t) = 2*t - 14. Let x be h(8). Suppose 0*r + 5*r = 5*s - 305, x*s = -2*r + 138. What is the units digit of s?
5
What is the hundreds digit of (3*-535)/(165/(-110))?
0
Let w(z) = -z + 20. Let b be w(17). Let m(g) = g**3 + 5*g**2 - 3*g - 2. What is the units digit of m(b)?
1
Let m = -27 + 40. Let x(a) = -a**3 + 14*a**2 - 10*a + 15. What is the units digit of x(m)?
4
Let v = 679 + -1654. What is the hundreds digit of ((-4)/3)/(13/v)?
1
Let i be (-4)/(-10) + 65/25. Suppose -189 = -i*n - 0*n. Suppose q - n = -2*q. What is the tens digit of q?
2
Let s(z) = -92*z. Suppose 4*r + 3 = -5. What is the tens digit of s(r)?
8
Suppose -3*v + 7503 = -3*o, -18*o = -2*v - 13*o + 5005. What is the thousands digit of v?
2
Suppose -4073 = -8*n - 425. What is the hundreds digit of n?
4
Let l(j) = -61*j - 44. What is the hundreds digit of l(-10)?
5
Let k be (35/(-10) + 2)/((-2)/(-44)). What is the units digit of 6/k + ((-3834)/(-33) - 0)?
6
Let x = -59 - -63. Suppose -3*y - 5*d + 569 = 0, x*d = -4*y + 744 + 28. What is the hundreds digit of y?
1
Suppose 6*p - 3*p + 102 = -s, -p + 3*s = 44. What is the units digit of p*(-2 + 5/(75/(-6)))?
4
Let d be 88/9 + (-12)/(-54). What is the tens digit of d/15 - (-145)/3?
4
Let t(k) = -k**2 - k + 1. Let p(y) = -4*y**2 + 13*y + 56. Let a(u) = -p(u) + 5*t(u). What is the tens digit of a(-7)?
2
Let c(m) = -20*m + 15. Let u be c(3). Let h = 161 + u. What is the hundreds digit of h?
1
Let g = 299 + 165. What is the hundreds digit of g?
4
Let f(j) = -48*j - 34. What is the units digit of f(-17)?
2
Let d(z) = -z + 16. Let u be d(13). Suppose 0 = q + u - 6, -g + 154 = 3*q. What is the tens digit of g?
4
Let o be (3 - 2)*(-235)/5. What is the units digit of -4 + 9 + -2 - o?
0
Let t(j) = -7*j**3 - 5*j**2 - 6*j - 14. Let y = 5 - -1. Let p(b) = -6*b**3 - 5*b**2 - 5*b - 14. Let f(w) = y*p(w) - 5*t(w). What is the tens digit of f(-6)?
2
Let c(l) = l**3 + 17*l**2 - 4*l - 14. What is the tens digit of c(-8)?
9
Let j(r) = -r + 1. Let n(w) = -w**3 + 11*w**2 - 4*w + 2. Let z(o) = 5*j(o) + n(o). What is the units digit of z(10)?
7
Suppose -2 = -5*c - 2*w - 61, -3*c = -w + 42. Let v = -9 - c. What is the units digit of v?
4
Let g = 3793 - -2053. What is the units digit of g?
6
Suppose 78*d - 76*d - 1180 = 0. What is the units digit of d?
0
Suppose 5*x - 2*f - 1254 = f, x + 4*f = 260. Suppose -v - v = -4*o + x, 0 = v. What is the units digit of o?
3
Let h = -40 - -34. Let o(z) = 20*z**2 - 56*z + 68. Let y(x) = 7*x**2 - 19*x + 23. Let k(r) = h*o(r) + 17*y(r). What is the units digit of k(7)?
5
Suppose 0 = 3*k - 9*k + 3372. Suppose 11*p = 13*p - k. What is the units digit of p?
1
Suppose 2*r + 9 = -g, -2*r - 3*r - 17 = -3*g. Let n be 2/((-2)/g)*-2. What is the tens digit of 0 - n - 0 - -33?
3
Let d(w) = -w**3 - 2*w**2 - 5*w - 10. Let z be d(-4). Let u = z + 8. What is the units digit of u?
0
Let q(d) be the first derivative of 12*d**2 - d + 7. What is the tens digit of q(7)?
6
Suppose 5*t - 3665 = 5*x, -t + 11*x + 742 = 7*x. What is the units digit of t?
0
Suppose 0 = 5*j + 3*m - 43, -5*j + 44 = -m + 5*m. What is the units digit of j?
8
Let k be (-12)/(-10)*20/6. Let m = k + 12. What is the units digit of m?
6
Let g = 5 - 4. Suppose 0 = 4*b - 12, 2*w = -3*b + 8 + g. Suppose -5*k + w*k - 85 = -5*x, x = -3*k + 9. What is the tens digit of x?
1
Let p = -9 + 26. Let x = -15 + p. Suppose -x*o + 70 = 3*o. What is the units digit of o?
4
Let y = 1210 + -729. What is the hundreds digit of y?
4
Let y = -46 + 64. What is the tens digit of (-90)/(-1) + (16 - y)?
8
Let i = -14 - -12. Let l = i - -7. Suppose -55 = -2*m + y + 47, m - l*y = 51. What is the tens digit of m?
5
Let o(l) = l - 4. Let i be o(6). Let c be (-11 + 1)/(i/(-3)). Suppose -r = -9 - c. What is the tens digit of r?
2
Let y = 1251 + -700. What is the hundreds digit of y?
5
Let t be -2 - -1 - 18/(-3). Suppose -220 = -t*z + n, 3*n - 2 = z - 46. What is the units digit of z + (-2)/(-8)*0?
4
Let l(c) = -2*c + 5. Let i(g) = 3*g - 5. Let w(h) = 3*i(h) + 4*l(h). Let f(y) = -y - 4. Let j(s) = -6*f(s) - 5*w(s). What is the units digit of j(9)?
8
Let d(b) = -44*b - 80. What is the tens digit of d(-10)?
6
Let k be (0 - 0) + 0/3. Suppose 0 = 33*q - 25*q - 464. Suppose 3*b - b - q = k. What is the tens digit of b?
2
Let i(t) = 4*t - 7. Let a = -36 + 38. Suppose -a*j + 0 = -8. What is the units digit of i(j)?
9
Let l = -4715 + 10131. What is the thousands digit of l?
5
What is the units digit of 254772/108 + 2*2/(-2)?
7
Let z(v) = v**3 - 33*v**2 + 27*v - 83. What is the units digit of z(35)?
2
What is the tens digit of (14 + -11)/((-3)/(-313))?
1
Suppose -29*m + 49845 = 9129. What is the units digit of m?
4
Suppose 0 = -4*l + 2*l - 12. Let h = -6 + 5. What is the units digit of 1/((3/l)/h)?
2
Let b(y) = 18*y**2 + 174*y - 1. What is the thousands digit of b(9)?
3
Let p = 54 + -52. Suppose 4*h = p*b - 106, -20 + 126 = 2*b + 4*h. What is the tens digit of b?
5
Suppose 4*k + 3*d = 86, k + 2*d = 6*k - 119. Let z(b) = 3*b - 7. Let r be z(8). Suppose -5*v = -k - r. What is the units digit of v?
8
Let k(j) = -126*j + 427. What is the units digit of k(-19)?
1
What is the units digit of (3 - 169)/2*-5*1?
5
Suppose -12 = -3*h - 0, 4*c = -5*h + 604. Suppose 0 = 3*x - c - 1. What is the units digit of x?
9
Suppose 55*a - 129 = 58*a. Let s = -20 - a. What is the tens digit of s?
2
Let g be (5 - (-3 - -6)) + (2 - -26). Suppose g + 14 = 2*v. What is the tens digit of v?
2
Let d(p) = 14*p**2 + 23*p + 20. What is the tens digit of d(-12)?
6
Let k be 12/(-5)*(-40)/16. What is the tens digit of 3 - (-3)/(k/32)?
1
Suppose 0 = 148*b - 153*b + 2005. What is the units digit of b?
1
Let g(y) = y**2 + 2*y + 60. Let o be g(0). Let t = 56 + o. What is the units digit of t?
6
Let n(t) = -5*t + 1. Let s be n(2). Let c(u) = u**2 - 10 + 6*u + 1 + 9. What is the units digit of c(s)?
7
What is the tens digit of (-7588)/7*(-4)/8?
4
Let n be -9 + (12/(-2))/(-3). Let r = 11 + n. Suppose r*j - j = -3*p + 207, p + 215 = 3*j. What is the units digit of j?
1
Let p = -19 + 23. Suppose 4*y - 3*w - 31 = -y, 0 = 3*y + p*w - 7. Let s(z) = 10*z + 12. What is the units digit of s(y)?
2
Let g = 329 - 47. What is the hundreds digit of g?
2
Suppose j - 594 = 4*c, -5*j + 742 + 2148 = -4*c. What is the hundreds digit of j?
5
Let k = 39 - 12. Let f be 315/k + 2/(-3). Let l = 56 - f. What is the tens digit of l?
4
Suppose 0 = 3*x - 2*z - 305, -2*z + 114 = 2*x - 76. What is the units digit of x?
9
Let r = -602 + 844. Suppose 3*d + 59 = p + 5*d, -2*d + r = 4*p. What is the tens digit of p?
6
Suppose 2*g - 20 = 7*g. Let x be 30/g*68/(-5). Suppose x = d + 2*d. What is the tens digit of d?
3
Let g = -11 + 12. What is the units digit of 6 + g + 0 + -3?
4
Suppose -22 = 3*x + 4*j + 8, 5*x - 5*j = -50. What is the hundreds digit of (888/(-16))/(3/x)?
1
Suppose -5*m + 2*v = 23, -4*m + 7*m + 25 = 4*v. Let w(i) = -13*i - 5. What is the units digit of w(m)?
4
Suppose 3*j + 3*n = 11244, -2*j - 186*n + 7526 = -190*n. What is the tens digit of j?
5
Suppose 8 = 2*y - 4*v, 5*v + 0 + 1 = y. What is the units digit of 2/2*(-6 + y - -64)?
4
Suppose k - 184 + 128 = 0. Let s = 187 - k. What is the units digit of s?
1
Suppose 4*n - 261 = -3*r, 0 = 4*n - 4*r - 31 - 265. Suppose -4*i + 2*s = -607 + n, -5*i + s + 668 = 0. What is the units digit of i?
3
Suppose 2*g - 36 = -u, 47 + 5 = 2*u - g. Let s(y) = 8*y - 14*y + 7*y + u. What is the tens digit of s(-13)?
1
Suppose -9*f + 8*f + 61 = 0. Suppose 3*c - f = -m + 8*c, -2*c = 4*m - 310. What is the tens digit of m?
7
Suppose -3*n + 3*q = 24, 2*q = 6*q + 8. Let u(k) = k**2 + 7*k + 14. What is the units digit of u(